e -4*n + 5*h + y = 3*h, 2*n + h = 22. Suppose n*m - 4*m = 310. What is the tens digit of m?
6
Let p(l) = 11*l**2 - 20*l + 85. What is the units digit of p(6)?
1
Suppose 2*a - 29 = -5*u, 0 = -4*a + 3*a - 3*u + 17. Let z be (1 - (-2 - -3))/a. What is the units digit of z + 1 - 1 - -6?
6
Let q be 2/(-10) - (-48)/15. Let p be 1758/18 - (-1)/q. Let o = 150 - p. What is the units digit of o?
2
Let i = 6 + 1. Let m(n) = 7*n - 15. What is the tens digit of m(i)?
3
Let b(i) = 9*i**2 + 40*i - 7. What is the units digit of b(-11)?
2
Suppose -44*m + 3*m = -34891. What is the tens digit of m?
5
Let j(m) = 121*m**2 - 4*m - 3. Let r = -4 - -3. What is the hundreds digit of j(r)?
1
Suppose -3*y = 186 - 21. Let v = y + 78. What is the tens digit of v?
2
Suppose -2980 = -30*t + 8180. What is the hundreds digit of t?
3
Let f(l) = 18*l**2 - 3*l - 25. What is the tens digit of f(4)?
5
Suppose -2*u + 3*p - 52 = 18, 2*p - 4 = 0. Let y = u + 18. What is the units digit of (-60)/y + 6/(-21)?
4
Let o(u) = u - 2. Let k be o(4). Suppose -2*i + 14 = 2*j, k*i + 0*j + 5*j = 29. Suppose i*l = -3*t + 5*t + 20, 0 = 3*l + 2*t - 25. What is the units digit of l?
9
Suppose -8*a - 17 = -81. Suppose -18*u + 14*u - a = 0. What is the units digit of 49 - 4*(-2)/u?
5
Let c be -1 - 29 - 3 - 2. Let q = c - -104. What is the tens digit of q?
6
Suppose -3 = j - 2*j. Let f be -1 + 22 - 3 - j. What is the units digit of ((-996)/30)/((-6)/f)?
3
Suppose 0 = f - 12*f + 3333. What is the units digit of f?
3
Suppose 0 = 3*h + 2*x - 5*x - 15, 0 = -h + 5*x + 5. Suppose k = 4*t + 2*k - 564, h*t - 5*k = 680. What is the tens digit of t?
4
Let c(p) be the third derivative of p**8/1680 - p**5/60 + 4*p**2. Let n(k) be the third derivative of c(k). What is the tens digit of n(-1)?
1
Suppose 2*y = 2*l, -6 = 6*l - 3*l - 5*y. Let k(j) = 17*j**l + 6*j**2 - 4*j - 16*j**3 + 7 + 3*j. What is the tens digit of k(-5)?
3
Let t(a) be the second derivative of a**5/20 + a**4/12 - 7*a**3/3 + 5*a**2/2 + 13*a. What is the tens digit of t(-4)?
1
Let i = -30 - -43. Let f = 16 - i. What is the units digit of 7/(-21) - (-28)/f?
9
Let m(j) = 4 + 20*j + 0*j**3 + j**3 - 15*j**2 - 19. What is the tens digit of m(14)?
6
Let h be (-4)/(-6) + 169/39. Suppose 0 = 4*u + h*u - 261. What is the tens digit of u?
2
Suppose 5*w = 17 - 7. Suppose 0 = -4*r + d - w*d + 335, -4*d = 3*r - 261. What is the tens digit of r?
8
Let k(u) = u**3 - 11*u**2 - 2*u + 27. Let v be k(11). Suppose a + v*a = 552. What is the units digit of a?
2
Let s = 1982 + -958. What is the units digit of s?
4
Let k = -636 + 2384. What is the hundreds digit of k?
7
Suppose 5*d - 6*d = 0. Suppose -4*l - 86 - 36 = -2*v, -5*v + 2*l + 273 = d. What is the units digit of v?
3
Let j be 8 + -1 + -6 - (0 - -1). Let u(s) = 5*s**2 + s. Let w be u(1). Suppose z + l - w*l + 1 = j, -3*l + 12 = 0. What is the units digit of z?
9
What is the units digit of (379/(-2))/(1/(-6))?
7
Suppose 5*w + 4 = -4*q - 14, 10 = -2*q - 3*w. Let i be q/12 - (-387)/54. Let x = i - -27. What is the units digit of x?
4
Let n(u) be the third derivative of -u**5/60 + 5*u**4/24 + 7*u**3/6 - 2*u**2. Let q(i) = i**2 - 9*i - 17. Let j be q(11). What is the units digit of n(j)?
7
Let x(y) be the first derivative of 19*y**3/3 + y**2/2 + 4*y - 2. Let u be x(-2). Suppose c - 7 - 3 = 5*t, -3*c + 3*t = -u. What is the tens digit of c?
3
Suppose 9*m - 576 = -1584. Let l(b) = 161*b**2 + b - 1. Let u be l(1). Let g = u + m. What is the units digit of g?
9
What is the thousands digit of 29/58*(-2 + 4291 + -3)?
2
Suppose 4*z + z - 120 = 0. Let v be (-432)/(-360)*(-5)/(-2). Let t = v + z. What is the tens digit of t?
2
Suppose 3*i = -d + 2613, -d + 4*d - i = 7869. What is the tens digit of d?
2
Let o = 222 - 136. What is the tens digit of o?
8
Let m(t) = 3*t**2 - 8 + 2*t**3 - t**3 - 3*t**2 - t**2 + t. Let j be m(0). What is the tens digit of 103/4 - (-6)/j?
2
Let y be 0/((-4)/2 - 1). What is the hundreds digit of ((7 - y) + 322)/(1 - 0)?
3
Let j(h) = -943*h**3 - h**2 - 5*h - 5. What is the tens digit of j(-1)?
4
Let z be 0*(-1)/3 + -17. Suppose 0 = 2*c - 4*c + 46. Let f = z + c. What is the units digit of f?
6
Let p(i) be the second derivative of i**3/3 - 2*i**2 + i. Let u(w) = -10*w + 84. Let b be u(8). What is the units digit of p(b)?
4
Let p(x) = -x**2 - 2*x + 7. Let q be p(0). Suppose -64 = -q*r + 13. What is the units digit of r?
1
Let j(w) = w**3 + 4*w**2 - 4*w + 6. Let s be j(-5). What is the tens digit of (-339 + s)*(-8)/16?
6
Let p = 144 - 49. Let w = -64 + p. What is the tens digit of w?
3
Suppose -4*f - 11 = -3*t - 34, 0 = t + 1. Suppose -12 = -l + 4*z, -f*l + 6*z + 12 = 2*z. Suppose l = -y + 2*y - 17. What is the tens digit of y?
1
Suppose 0 + 1 = -u. Let q(b) = 15*b**2. Let j be q(u). What is the tens digit of (-10)/j + (-92)/(-3)?
3
Suppose 5*a + 2*o - 2434 = 0, 17*o + 1458 = 3*a + 19*o. What is the tens digit of a?
8
Suppose 5*x = -4*h + 9223, -5*x - 2*h = -6704 - 2525. What is the thousands digit of x?
1
Suppose 2*p + 5*o = 25, -3*p + o - 6 + 52 = 0. Suppose -1 = w - 3*j - 19, 4*j = w - p. What is the tens digit of w?
2
Let l(u) = 4*u + 39. Let p = 46 + -38. What is the units digit of l(p)?
1
Suppose 5*v = -2*j + 46 + 168, 469 = 5*j - 4*v. What is the tens digit of j?
9
Let r(t) be the first derivative of 3*t**2 - 6*t - 11. Let o be (-3)/9*-3*4. What is the units digit of r(o)?
8
Suppose -22*h = -11418 - 2970. What is the tens digit of h?
5
Let v = 22 - 19. Suppose 4 = -5*m + v*k + 222, 0 = m + 5*k - 38. What is the units digit of m?
3
Let s = -396 + 1937. What is the thousands digit of s?
1
Let w(u) = u + 17. Suppose -2*p + 0 = 4. Let b be (-1 - 2/p)/1. What is the units digit of w(b)?
7
Let c be 1/(-2)*(-1 - -11). Let b(n) = n**3 + 6*n**2 - 2*n - 6. What is the tens digit of b(c)?
2
Let u(p) = p**3 + 7*p**2 + 5*p - 4. Let g be u(-6). Suppose g*i - 80 = -4*z, 5*z - 11 = -i + 32. What is the tens digit of i?
3
Let s(h) = 3*h**2 + h - 1. Let o be s(1). Suppose 4*n + 30 = -o*m + 251, -5*n + 3*m = -283. What is the units digit of n?
6
What is the tens digit of (54/(-81))/((-2)/1188)?
9
Suppose 16*i = 18*i, -2*l + 2*i + 1566 = 0. What is the hundreds digit of l?
7
Suppose -3*l - 276 = -4*n + 31, 0 = -5*n - l + 379. Suppose -m = 2*y + 57, -4*m - 5*y = -2*y + 203. Let j = n + m. What is the units digit of j?
9
Suppose 4*p + 2*n = 268 + 76, -4*n + 16 = 0. Suppose o + 98 = -o. Let s = o + p. What is the units digit of s?
5
Let c be -5 - 148/(-28) - (-4912)/7. Suppose 6*f = 9*f - c. What is the hundreds digit of f?
2
Let h = 195 - -656. What is the units digit of h?
1
What is the units digit of ((-11660)/371)/((-2)/140)?
0
Let a(l) = -31*l - 1. Let m = -49 + 47. What is the tens digit of a(m)?
6
Let p = 1119 + -660. What is the tens digit of p?
5
Let h(o) = 6*o**3 + 14*o**2 - 20*o + 16. What is the thousands digit of h(8)?
3
Let y be 1 - 99 - (2 + -2). Let d = y + 157. What is the tens digit of d?
5
Let h(x) = 6*x - 2. Let k(t) = 6*t - 2. Let y(d) = 5*h(d) - 6*k(d). Let c be y(-4). Let r = 2 + c. What is the tens digit of r?
2
Suppose j - 183 = -4*g, 4*g + 484 + 268 = 4*j. What is the hundreds digit of j?
1
Let z(l) = 26*l**2 + 14*l + 26. Let k(n) = -5*n**2 - 3*n - 5. Let t(o) = -16*k(o) - 3*z(o). Suppose 48*d - 41*d + 35 = 0. What is the tens digit of t(d)?
2
Let i be 10/(-2)*(-159)/3. Suppose 4*m - r = -4*r + i, -4*r = -5*m + 308. What is the units digit of m?
4
Let s = 1334 - 576. What is the hundreds digit of s?
7
Suppose -5*f + 406 = -69. What is the tens digit of f?
9
Suppose -3*v + 12 = v. Suppose 0 = -v*i + 14 + 7. Suppose -3*h + 51 = 3*s, -2*h - i = -3*s - 21. What is the tens digit of h?
1
Let n be (-50)/(-2) - (2 + 0). Let b = 70 - n. What is the units digit of b?
7
Let q(z) = -z**2 + z + 2. Let u be q(2). Suppose 3*y - 1754 = -620. Suppose u = 4*d - 5*j + 132 - y, 3*d - 5*j = 187. What is the tens digit of d?
5
Let y(f) = -f**3 + f**2 + 3*f + 3. Let n be y(2). Suppose n*z - 4*m - 35 = 0, 3*m + 30 = 6*z - z. What is the units digit of z?
3
Suppose 0 = 8*a - 5*a + 3*n - 5682, 4*a + n - 7561 = 0. What is the thousands digit of a?
1
Let i(r) = -58*r**2 - 4*r - 2. Let w be i(-1). Let j(v) = -23*v**2 + 2*v + 2. Let b be j(2). Let h = w - b. What is the units digit of h?
0
Let y = 674 + -668. What is the 